(-8). Suppose -3*c = -2*c, 2*c - r = -3*b. What is the remainder when b is divided by 14?
11
Suppose 5*j - j + 2*f - 4 = 0, j - 5*f - 23 = 0. Let o = -107 + 155. What is the remainder when o is divided by (-10)/(-15) - (-73)/j?
23
Let i = -270 + 410. Suppose 5*g + 30 = i. What is the remainder when g is divided by 8?
6
Let m be 128/(-40)*5/(-2). Suppose -a - m = -w, -w + 0*w + 20 = 2*a. What is the remainder when 47 is divided by w?
11
What is the remainder when (0 - 5/1)/(2/(-76)) is divided by 32?
30
Calculate the remainder when 7 + -4 - -41 - -2 is divided by 12.
10
What is the remainder when (3 - (-36)/(-8))*-8 is divided by 3?
0
Let w = 47 + -21. Calculate the remainder when 76 is divided by w.
24
Suppose -3*m - m = -4*i + 76, 5*i + 3*m = 127. Calculate the remainder when i is divided by 15.
8
Suppose j = -4*a + 4*j + 96, -2*j = -5*a + 113. What is the remainder when 82 is divided by a?
19
Suppose -t = 4*t + 50. Let o = 12 + t. What is the remainder when 7 is divided by o?
1
Suppose -4*h - 20 = 0, -2*h = -j + 2*j - 8. Suppose 3*c = 5*u + 58, -5*u - j = 7. What is the remainder when 84/3 - (9 + -1) is divided by c?
9
Let i = -13 - -7. Let r(m) = -3*m - 5. Calculate the remainder when 25 is divided by r(i).
12
Let i(w) = -w**3 - 3*w**2 + 2*w + 3. Suppose 13*a = 6*a + 217. Calculate the remainder when a is divided by i(-4).
9
Let d(r) = 2*r**2 + 3*r + 2. What is the remainder when 10 is divided by d(-2)?
2
Suppose 4*w + 4*h - 96 = 0, h + 3*h = 2*w - 36. What is the remainder when w is divided by 3?
1
Let t(u) = u**3 - u**2 - 5*u - 3. Calculate the remainder when t(5) is divided by 15.
12
What is the remainder when 25 is divided by (3 - 2) + 1*16/2?
7
Let g(i) = -6*i + 2 + 6 + 6*i - 5*i. Suppose -m + 2*w = 11 - 0, -13 = m - 3*w. Calculate the remainder when g(m) is divided by 15.
13
Let i(l) = -l**3 + 5*l**2 + 7*l - 1. Let x be i(6). Calculate the remainder when 6 is divided by 2*x*(-2)/(-4).
1
Calculate the remainder when 17 is divided by (-5 - 6)*1/(-1).
6
Let g be (8/12)/((-2)/(-12)). Suppose 4*p = -w + 60, -2*p + 11 = -5*w + 3. Calculate the remainder when p is divided by (-54)/(-10) - g/10.
4
Let v be (-113)/3 + (-2)/(-3). Let o = 6 + 1. Let n = o - v. What is the remainder when n is divided by 15?
14
Suppose -4*q = -4*g - 420, q = 5*g - g + 114. Calculate the remainder when q is divided by 13.
11
Let m(x) = 4*x - 6. What is the remainder when m(13) is divided by 16?
14
Let l = -16 + 22. Suppose -4*m - 2*u = -14, 2*m - 4*u = -0*u + 22. Suppose 5*j = 0, m*j - 11 = -0*d - d. What is the remainder when d is divided by l?
5
Let j(n) = -n**3 - 4*n**2 - n. Let q be j(-4). Suppose -3*a + 4*r = 9, 2*a + 7*r = q*r - 6. Let u = a - -7. What is the remainder when u is divided by 3?
1
Let l be (-20)/15*-51*2. Suppose 3*d - l = -d. What is the remainder when d is divided by 9?
7
Suppose 3*q = -3*w + 33, -5*w = 1 - 6. Let y = 1 + q. Let n = 8 - 2. Calculate the remainder when y is divided by n.
5
Suppose 2*y + 3 = 15. Suppose d - y = 2. What is the remainder when 22 is divided by d?
6
Let t(v) = 5*v + 4. Let h be t(-5). Let u = 37 + h. Suppose 0*y - y = -30. What is the remainder when y is divided by u?
14
Let a = 41 - 10. Calculate the remainder when a is divided by 11.
9
Suppose -b = 3*b + l + 7, -11 = -4*b + 5*l. What is the remainder when (-354)/(-10) + 6/(-15) is divided by 0 - (1 + -12) - b?
11
Suppose 2*y + 0*y + q = 150, 4*q = -y + 75. Calculate the remainder when y is divided by 19.
18
Suppose 3*n = 3*g + 42, g - 12 = -2*n - 38. Suppose 0 = j - 5*y + 14, -4*j - 3*y - 29 - 4 = 0. What is the remainder when 38 is divided by (-230)/g - 2/j?
12
Suppose 0 = 5*o - 10. Let y(l) = 13*l - 4. Calculate the remainder when y(o) is divided by 12.
10
Suppose -170 = -5*y + 5*m, 3*y + 140 = 8*y + 5*m. Calculate the remainder when 121 is divided by y.
28
Let j = 0 + 12. Suppose 0 = 2*i - 5 + 3. Calculate the remainder when (-1 + 24)*i + -2 is divided by j.
9
Let b = 42 + -35. Suppose -6 = 4*y - 18. What is the remainder when b is divided by y?
1
Let n = 82 + -33. Calculate the remainder when n is divided by 13.
10
Let k = 7 - 2. Suppose 4*u - 91 - 1 = -3*d, 2*u - k*d = 46. What is the remainder when 67 is divided by u?
21
Let q(m) = -m**3 + 8*m**2 - 4*m - 10. Calculate the remainder when q(7) is divided by 3.
2
Suppose 3*s + 30 + 3 = 0. Let o be 2/12 - s/6. Let q(a) = 2*a**3. What is the remainder when q(o) is divided by 6?
4
What is the remainder when 4 is divided by (2/(-4))/((-1)/6)?
1
Let p(w) = w + 42. Calculate the remainder when p(0) is divided by 11.
9
Let m(i) = 4*i**2 + i + 2. Let l be (-10)/4*(-12)/15. What is the remainder when m(l) is divided by 11?
9
Let c(p) = -p**3 - 4*p**2 + 13*p - 17. Suppose -5*z + 5 = -100. Calculate the remainder when c(-7) is divided by z.
18
What is the remainder when (-18)/117 + (-1252)/(-26) is divided by 25?
23
Suppose 0 = -3*g + 8 + 10. Suppose -5*s - m + 25 = 0, -g*s + 4*s + 10 = -5*m. Let j = 4 + 5. What is the remainder when j is divided by s?
4
Let h = 6 + -5. Let c = -3 + -3. Let t(s) = s**2 + 6*s + 2. Calculate the remainder when t(c) is divided by h.
0
Let v = -45 + 76. Let z = 74 - v. Calculate the remainder when z is divided by 9.
7
Let m(b) = -b**2 - 14*b - 2. What is the remainder when 112 is divided by m(-10)?
36
Suppose -4*y + 105 = 5*k, 3*k + 5 = 20. What is the remainder when y is divided by 7?
6
Let o(i) = -2*i + 2*i - 3*i + 0*i - 17. What is the remainder when 54 is divided by o(-15)?
26
Let t(d) = 2*d**2 - 9*d - 8. Suppose 0*l = l - 8. Let n = l + 6. What is the remainder when t(7) is divided by n?
13
Suppose 3*d - 3*b - 32 - 16 = 0, b + 58 = 3*d. Suppose -2*n + 24 = n. What is the remainder when d is divided by n?
5
Suppose -4*o - 2*d + 101 = -3, -2*d = -5*o + 148. Let j = o - 9. What is the remainder when j is divided by 10?
9
Suppose 5*c = -0*c + 95. Calculate the remainder when 56 is divided by c.
18
Let j be 20/2*(-7)/(-14). Let i = j + 0. What is the remainder when 13 is divided by i?
3
Let a = 40 + -19. Let i = 124 - 118. What is the remainder when a is divided by i?
3
Let k be (30/18)/((-2)/(-60)). Suppose j - 6*j + k = 0. What is the remainder when 19 is divided by j?
9
Let b be 145/(-10) - 2/4. Calculate the remainder when 15 is divided by (-22)/(-3) + (-10)/b.
7
Let r(a) = a**3 - 3*a**2 - 2*a - 2. Let y = -2 - -16. Calculate the remainder when y is divided by r(4).
2
Suppose w = 4*k - 3*k - 11, -4*k - w + 64 = 0. What is the remainder when 27 is divided by k?
12
Suppose 85 = 5*z - 2*u, -2 = -3*z - 3*u + 28. What is the remainder when 74 is divided by z?
14
What is the remainder when 34 is divided by (4/(-6))/(6 + 436/(-72))?
10
Suppose -3*t - 3*l + 4*l = -19, 5*t + 3*l - 13 = 0. Suppose -65 = -t*f - 0*f. What is the remainder when f is divided by 4?
1
Let b(u) = -u + 16. Let h be b(13). Suppose -4*w + h*w - 1 = 0, 0 = -2*y + 5*w + 31. What is the remainder when y is divided by 8?
5
Suppose x + x = 68. Suppose 28 = v - 2*n - 2*n, 5*v - 5*n - 80 = 0. Calculate the remainder when x is divided by v.
10
Suppose -2*n + 15 = -7*n. Calculate the remainder when ((-3)/n)/1 - -21 is divided by 12.
10
Let i = 42 - 30. What is the remainder when 34 is divided by i?
10
Suppose 25 = 5*r, -a - a + r + 81 = 0. Let b = 62 - a. Calculate the remainder when 55 is divided by b.
17
Let i(s) = s**2 + 8*s + 1. Suppose -3*f = -4*c - 10, 0 - 14 = c + 5*f. What is the remainder when 1 + 26 - (c + 2) is divided by i(-9)?
9
Let q = 3 + 1. Let v = 8 - q. Suppose v*t = 3*u - 208, 5*u + 2*t - 66 = 246. What is the remainder when u is divided by 22?
20
Calculate the remainder when 54 is divided by 304/22 - 2/(-11).
12
Suppose 0 = 2*v - 0*v - 12. What is the remainder when 9 is divided by v?
3
Suppose 3*a = -3*x + 99, -a = 5*x - 3*a - 151. Calculate the remainder when x is divided by 11.
9
Let a(j) = j**2 + 5*j - 17. Let w be a(-7). Let p(z) = -2*z**3 - 5*z**2 - z + 2. What is the remainder when 39 is divided by p(w)?
11
Suppose 2 + 4 = 3*b. Suppose 0*l - 30 = -b*l. What is the remainder when l is divided by 8?
7
Let s be 12/(-18) - (-634)/6. Suppose -62 = -3*k - 0*w + 2*w, 5*k - 3*w - s = 0. Suppose 3*j + j = k. What is the remainder when 16 is divided by j?
4
Suppose -4*i = -2*i + 5*n - 15, -6 = 2*i - 2*n. Let b(d